*2 + k**3. Let b(s) = -251*s + 5771. Let m be b(23). Calculate j(m).
4
Let d(v) be the second derivative of -v**3/3 - 73*v**2/2 + v + 3519. Determine d(-21).
-31
Let i(y) be the second derivative of y**6/360 + y**5/24 - 5*y**4/12 - y**3/3 - 6*y**2 - y - 11. Let v(d) be the second derivative of i(d). Give v(-7).
4
Suppose -234 = 3*o - 246. Suppose -2 = 4*d + 8*c - 6*c, o*d - 28 = 4*c. Let g(f) = -3*f + 3*f**2 + 3 - 3. What is g(d)?
6
Let o(w) be the third derivative of -1/120*w**5 - 1/60*w**6 + 0 + 26*w**2 + 0*w + 0*w**4 + 16/3*w**3. Let l(g) be the first derivative of o(g). What is l(1)?
-7
Suppose 3*y + 4*d - 910 = 2*d, -d = 3*y - 911. Let r = -303 + y. Let g(s) be the second derivative of -2*s**3/3 + 2*s. Determine g(r).
-4
Let p(y) = 73*y - 138. Let j be 102/(-36)*6 + 19. Calculate p(j).
8
Suppose -p - 11 + 25 = 0. Suppose -p*b + 36 = -6. Suppose b*f = -0 - 6. Let y(l) = -l**3 - 2*l**2 + l + 1. Determine y(f).
-1
Let a(z) = -7*z + 2. Let f(c) = -2*c - 4. Let u(q) = 3*a(q) - 12*f(q). Calculate u(-16).
6
Suppose -24 = -28*u + 25*u + 21. Let g(j) = j**3 - 15*j**2 - 2*j + 35. Determine g(u).
5
Let h = -996 - -999. Let m(t) = 0*t**3 - 15*t**3 - t**3 + 14*t**h + 4*t + 5*t**2 + t**3. Give m(6).
-12
Let x(u) = 2*u**3 - u**2 - 2*u - 1. Suppose 4*g - g + 38 = -s, 0 = g - 2*s + 1. Let w = g - -14. Suppose -5 = -d - w. What is x(d)?
7
Let c(m) = -2*m**3 - 3 + 47*m**2 - 135*m**2 + 42*m**2 + 39*m**2 - 5*m. Let b = -568 - -564. What is c(b)?
33
Let o(t) = 5*t + 3. Suppose -x = 3*x + v - 42, -5*x + 52 = v. Let q(r) = r**2 + 45*r - 138. Let f be q(-48). Suppose -12*g + x*g + f = 0. Calculate o(g).
18
Suppose -70*p + 41*p = 116. Let o(b) = -27*b - 21. Give o(p).
87
Let a(t) = -t + 0*t + 12*t - 5 - 12*t. What is a(-1)?
-4
Let k(m) be the second derivative of 5*m**3/3 - 237*m**2/2 - 10976*m. Give k(24).
3
Let m = 7407 + -7407. Let b(p) = -p**2 - p + 12. What is b(m)?
12
Let j(p) = 496*p - 788. Let q(r) = -107*r + 197. Let g(f) = 2*j(f) + 9*q(f). Determine g(-7).
-6
Let l = 85 + -34. Suppose -4*k + l = 35. Let u be (-1 + k + -8)/(-1). Let m(t) = t**3 - 6*t**2 + 6*t + 1. What is m(u)?
6
Let f(n) = 7*n - 44. Let o be 5/20 - (12 + 11/(-4)) - -27. Give f(o).
82
Let g(b) = b**2 - 3*b - 9. Let l(j) be the first derivative of 13*j**2/2 - 97*j + 62. Let h be l(8). What is g(h)?
19
Suppose 0*w = 3*i - 4*w - 27, 0 = -4*i - 3*w + 61. Let r be (-25)/(-100) - i/4. Let m(k) = 20*k**2 + 15*k**2 - 5*k + 2 + 14*k**2 - 50*k**2. What is m(r)?
8
Let g(z) = z**2 - z. Let q be g(-1). Let l(y) = -7*y**q - 2 + 3*y + 1 - 11*y + 6*y. Calculate l(-1).
-6
Suppose 3*z = -2*z + 560. Let c = -3296 + 3409. Let j = z - c. Let f(g) = 2*g**3 + g**2. What is f(j)?
-1
Let u(n) = 2*n**2 - 60*n + 375. Let d be u(21). Let l(r) = -2*r**3 - 6*r**2 - 8*r - 3. Calculate l(d).
21
Let j(r) = -3543*r + r**3 + 1813*r - 3 + 1739*r + 6*r**2. What is j(-6)?
-57
Let a = -1070 - -1072. Let q(g) be the third derivative of g**6/120 + g**4/24 + g**2. Let t(j) = j**3 - 2*j**2 + 1. Let x(k) = a*q(k) - t(k). Determine x(-2).
-5
Let n be ((-2)/(-10) - (-642)/(-60))*-2. Let k be (-3)/(-6) - n/14. Let p(d) = -7*d**2. Give p(k).
-7
Let n(d) = 25 - 44 + 10*d - d**3 + 0*d - 4*d**2. Let k be n(-6). Let a(h) = h + 2. What is a(k)?
-5
Let j(t) = -t**2 - 20*t - 17. Suppose 0 = -c - 38 + 19. Give j(c).
2
Let u(b) be the first derivative of b**4/4 + 4*b**3/3 + 3*b**2/2 + 3*b - 162. Give u(-2).
5
Let l(f) = 4*f**2 - 8*f + 3. Let i be l(6). Let y = 109 - i. Suppose -u - 4*m - 3 = 0, -5*m + 1 - y = 3*u. Let x(s) = s**2 + 4*s + 3. What is x(u)?
0
Let u(d) be the third derivative of -d**6/120 - 7*d**5/20 - 11*d**4/12 - d**3 + 11*d**2 + 2. Determine u(-20).
34
Let f(c) = 21*c**3 - 2*c**2 - 2*c + 3. Let h = -13726 + 13727. Determine f(h).
20
Let t(s) be the third derivative of s**5/60 + s**4/12 + 14*s**3/3 + 352*s**2. Determine t(0).
28
Let p = 2253 - 2273. Let o(n) = 7*n + 146. What is o(p)?
6
Let q be 4 + (-17 - -14)/((-115)/65 + 2). Let l(g) = g**2 + 17*g - 17. Calculate l(q).
-89
Suppose 4*q + 28 = 4*a + 12, 2*q = -a + 10. Suppose 2*x - 4*f = 18, x - 19 - 2 = 5*f. Let j(l) = x + l - 6*l + l**2 + l. What is j(a)?
13
Let b = -25 - -13. Let n be ((0 - 3) + 385/175)*-5. Let v be (n/(-6))/(b/(-18)). Let w(q) = -5*q - 1. Determine w(v).
4
Let z(v) = 19*v + 16. Let b(t) = -37*t - 29. Let i(l) = 3*b(l) + 5*z(l). Give i(-3).
41
Let h(v) = 2 + 2*v**2 + 3*v - 6*v**2 + 2*v**2 + v**2. Suppose 2312*x - 24 = 2304*x. Determine h(x).
2
Suppose 0 = 3*o + j - 0*j - 28, 0 = o + 5*j. Let a(m) = 6*m + o*m**2 - 8 + 0 - 3 + m**3 + 2*m. What is a(-9)?
-2
Let j be 28/(-126) + (-210)/27 + (-10)/(-2). Let a(k) = -2*k**3 + 3*k**2 - 3*k + 3. What is a(j)?
93
Let t(d) = -10*d**2 + 26*d + 1. Suppose -388*m + 398*m - 20 = 0. Calculate t(m).
13
Let k = -4159 + 4158. Let r(d) = -d**2 - d. What is r(k)?
0
Let c(k) = -10*k + 4. Let r be 2 + -20 + 8 - (8 - 17). Give c(r).
14
Let c(o) be the second derivative of -o**5/30 - 11*o**4/24 + 2*o**3 + 3*o**2/2 - 8*o - 2. Let p(b) be the second derivative of c(b). Determine p(-8).
21
Let i(a) = 10*a + 63. Let k(o) = -o**3 - 49*o**2 + 50*o - 6. Let z be k(-50). Determine i(z).
3
Let q(y) = -y**2 + 14*y + 17. Let o be q(14). Let a = o - 9. Let k(w) = -4*w + 28. Let t be k(a). Let l(p) = -p**2 - 2*p + 1. Determine l(t).
-7
Let w(l) = 22*l - 76. Suppose -143 = -33*o - 11. Determine w(o).
12
Suppose -5 = o - 3*f - 0, 0 = -3*o + 2*f + 6. Let t(a) be the second derivative of -a**5/20 + 5*a**4/12 - 7*a**3/6 + 5*a**2/2 - 349*a. Calculate t(o).
-7
Let r(n) = -618*n - 11736. Let u be r(-19). Let x(h) = -4*h - 18. What is x(u)?
-42
Suppose 4*k - 48 = 4. Let v(l) = -l**2 - 6*l - 6*l + k*l. What is v(1)?
0
Suppose 30 = 2*j + 8*j. Let p(n) = 2*n**3 + 0*n**3 + n + 3*n**2 - n**3 - 4 - 2*n**j. Determine p(3).
-1
Let x(n) = -2*n**2 + 3. Suppose -6062 = -14*i + 2492. Let a = i - 614. Determine x(a).
-15
Let w(i) be the second derivative of i**4/12 - 23*i**2/2 - i + 1316. What is w(-6)?
13
Let a(h) = 18197 + 18259 - 36536 - 5*h. What is a(-18)?
10
Suppose 8*b + 19817 = 19809. Let m(a) = 22*a + 25. What is m(b)?
3
Let o(u) = -u**3 + 5*u**2 - 2*u - 4. Suppose -k = -4*l + 7 + 5, 2*l = 4*k + 6. Suppose 9*j = 4*j - l*a + 23, 4*a = -3*j + 16. Give o(j).
4
Suppose 8*w + 266 = -30*w. Let k(p) = 4*p**3 + 11*p**2 - 45*p - 17. Let z(l) = l**3 + 3*l**2 - 11*l - 4. Let y(c) = -2*k(c) + 9*z(c). Calculate y(w).
-37
Let r(u) = 22*u**2 + 7*u**2 - 22*u**2 + 7 + 4*u**2 + u**3 + 6*u**2. What is r(-17)?
7
Suppose -15*y = -26*y + 23*y + 48. Let n(i) = i**2 - 13*i - 7. What is n(y)?
61
Let i(g) be the second derivative of -g**5/10 - 7*g**4/12 - g**3/2 - 5*g**2 + g - 908. What is i(-5)?
80
Let f(w) be the second derivative of -w**3/6 + 2*w**2 - 2191*w. Suppose -6*z - 5 = -5*z. Determine f(z).
9
Let g(u) = -8*u + 17. Let h(a) be the third derivative of -17*a**4/24 + 6*a**3 + 11*a**2 + 2*a. Let n(l) = -13*g(l) + 6*h(l). What is n(7)?
9
Let n = -31493 + 31494. Let g(u) = 1 + 8*u - 2 + u. Determine g(n).
8
Let i(u) be the third derivative of 5/6*u**4 + 0*u + 0 + 46*u**2 - 1/40*u**5 + 0*u**3 - 1/360*u**6. Let k(a) be the second derivative of i(a). What is k(-2)?
1
Let u(m) be the third derivative of -11*m**5/60 + m**4/24 - m**3/6 + 1169*m**2. Determine u(1).
-11
Let s(i) = i**3 + 11*i**2 + 28*i - 20. Let y be s(-6). Let m(d) = 2*d + 13 - d**2 - 9*d + d - 2. Calculate m(y).
-5
Let s be 2/(-14) - (41/7 + -6). Suppose -6*u - 5*u - 11 = s. Let t be ((u + 1)/(-5))/(3/1). Let f(j) = j**3 + j**2 + 12. Determine f(t).
12
Let r(f) be the second derivative of f**5/4 - f**4/12 + f**2/2 - 3*f. Suppose -21*j + 6 = -19*j. Let b be 2*j*(-20)/120. What is r(b)?
-5
Let z(l) = -4*l + 5. Let m = 616 - 548. Suppose 229 = -23*q + m. Calculate z(q).
33
Let u(k) = -2412*k**2 + 26*k + 2413*k**2 + 130 + 1. Determine u(-19).
-2
Let d(j) be the second derivative of 5*j**3/3 + 45*j**2/2 - 121*j. Calculate d(-6).
-15
Let o(g) = 13*g**2 + g + 1. Let w(f) = f**3 + 19*f**2 + 14*f - 70. Let u be w(-18). Let p(r) = 9*r - 19. Let n be p(u). What is o(n)?
13
Suppose 15*z + 372 - 141 = -159. Let f(p) = 10*p + 258. Calculate f(z).
-2
Let k(a) be the second derivative of a**3/2 + a**2/2 - 1329*a + 14. Suppose -2*z + 11 = 4*h - 9, 0 = 3*z - 12. Give k(h).
10
Let h = -85 - -87. Let p(j) = -h - 45*j + 19*j - 2 + 27